6?
2
What is the highest common divisor of 26210 and 3310?
10
Calculate the greatest common factor of 6089312 and 834.
278
What is the highest common divisor of 9429 and 84?
21
What is the highest common factor of 287 and 1372?
7
What is the greatest common divisor of 160 and 5952?
32
Calculate the greatest common divisor of 173525 and 33.
11
What is the greatest common factor of 37882 and 182?
26
Calculate the greatest common factor of 385309 and 6198.
1033
Calculate the greatest common divisor of 3497598 and 18.
18
Calculate the greatest common divisor of 808 and 248.
8
Calculate the highest common factor of 829380 and 30.
30
Calculate the highest common factor of 134 and 279926.
134
What is the greatest common factor of 1055140 and 20?
20
Calculate the greatest common divisor of 206421 and 4731.
249
Calculate the greatest common divisor of 808 and 1679024.
808
What is the greatest common factor of 117334 and 5278?
406
Calculate the greatest common factor of 83 and 173387.
83
What is the greatest common factor of 257495 and 35?
35
Calculate the highest common divisor of 3078 and 23408.
38
Calculate the highest common factor of 8176 and 120.
8
Calculate the greatest common divisor of 33 and 14202.
3
What is the greatest common divisor of 171898 and 244?
122
What is the highest common divisor of 3312 and 2304?
144
What is the highest common factor of 38 and 604238?
38
What is the highest common divisor of 138 and 142347?
69
What is the highest common factor of 1728 and 216256?
64
What is the greatest common factor of 222115 and 248?
31
Calculate the highest common divisor of 3420 and 23445.
45
Calculate the highest common factor of 2193 and 37.
1
Calculate the greatest common factor of 6643 and 7957.
73
What is the highest common factor of 13740 and 1140?
60
What is the highest common factor of 3430 and 8330?
490
What is the greatest common divisor of 7016 and 7512?
8
Calculate the highest common factor of 655 and 3185920.
655
Calculate the greatest common factor of 87580 and 400.
20
What is the greatest common factor of 381803 and 13838?
629
What is the greatest common factor of 250 and 4473800?
50
Calculate the highest common factor of 234 and 301470.
78
Calculate the highest common factor of 171414 and 23326.
214
Calculate the highest common divisor of 13028 and 4.
4
Calculate the highest common divisor of 1178 and 62.
62
Calculate the highest common divisor of 39238 and 644.
46
What is the highest common divisor of 373205 and 35?
35
Calculate the highest common factor of 13326 and 3000.
6
What is the greatest common divisor of 19 and 88787?
19
What is the highest common factor of 90 and 25230?
30
Calculate the greatest common divisor of 7525 and 3.
1
Calculate the greatest common divisor of 1 and 27773.
1
What is the highest common divisor of 29116 and 52?
4
What is the highest common factor of 428 and 122194?
214
Calculate the greatest common divisor of 721 and 20291.
103
What is the highest common divisor of 214766 and 146?
146
Calculate the highest common divisor of 1488463 and 191.
191
Calculate the highest common factor of 1008 and 215544.
168
What is the highest common divisor of 3 and 252761?
1
Calculate the highest common factor of 455 and 383565.
455
What is the highest common factor of 705 and 987?
141
Calculate the highest common divisor of 438 and 45771.
219
What is the highest common factor of 992 and 2542?
62
What is the greatest common factor of 1440 and 40048?
16
What is the highest common divisor of 161990 and 25?
5
What is the highest common divisor of 900 and 1344900?
300
What is the highest common divisor of 9440 and 7840?
160
Calculate the highest common divisor of 20884 and 184.
92
Calculate the greatest common factor of 13515753 and 537.
537
Calculate the greatest common divisor of 3575 and 213785.
715
Calculate the highest common divisor of 1496 and 1116764.
748
Calculate the highest common divisor of 1137 and 111.
3
What is the highest common divisor of 78 and 4254198?
78
Calculate the greatest common factor of 83847 and 95.
19
Calculate the highest common divisor of 1003 and 5814.
17
What is the greatest common factor of 340996 and 326?
326
What is the greatest common factor of 156624 and 12?
12
Calculate the highest common factor of 672 and 44128.
224
What is the greatest common factor of 52318 and 56?
14
What is the greatest common divisor of 21037 and 15151?
109
What is the greatest common factor of 205774 and 4658?
274
What is the highest common factor of 23010 and 312?
78
What is the greatest common divisor of 19969 and 76?
19
Calculate the highest common divisor of 48351 and 4047.
213
Calculate the highest common factor of 27 and 1269.
27
What is the greatest common factor of 5132 and 32?
4
What is the greatest common divisor of 16357600 and 1472?
736
What is the greatest common divisor of 9042 and 10250614?
3014
What is the highest common factor of 38122 and 12837?
389
Calculate the highest common divisor of 2 and 38938.
2
What is the highest common factor of 451 and 101?
1
What is the highest common factor of 174493 and 1276?
319
Calculate the greatest common factor of 94 and 10666.
2
Calculate the greatest common factor of 48 and 86712.
24
Calculate the greatest common factor of 1377 and 20574.
81
What is the highest common factor of 4345552 and 64?
16
Calculate the highest common factor of 351 and 19071.
117
What is the greatest common factor of 801 and 12681?
9
What is the greatest common factor of 193420 and 684?
76
What is the greatest common divisor of 2919 and 2625?
21
What is the highest common divisor of 1357 and 11457151?
1357
Calculate the highest common divisor of 1415 and 80.
5
Calculate the greatest common divisor of 1236 and 247612.
412
Calculate the greatest common factor of 26519 and 115.
23
Calculate the greatest common factor of 3 and 14075.
1
What is the highest common divisor of 1020 and 109560?
60
What is the greatest common divisor of 153080 and 248?
8
What is the highest common divisor of 475 and 2831?
19
What is the greatest common factor of 355416 and 826?
118
Calculate the greatest common divisor of 584 and 1336.
8
What is the greatest common factor of 15 and 2087985?
15
What is the highest common factor of 21721 and 5671?
107
What is the highest common factor of 152 and 249512?
8
What is the highest common divisor of 1080 and 252360?
360
What is the greatest common divisor of 126 and 32013?
9
Calculate the greatest common factor of 50949 and 162027.
459
What is the highest common factor of 12 and 266052?
12
Calculate the highest common divisor of 382 and 14707.
191
What is the greatest common factor of 120 and 95020?
20
What is the highest common divisor of 20 and 4400?
20
Calculate the highest common factor of 167713 and 247.
247
Calculate the highest common factor of 10438 and 3094.
34
What is the highest common divisor of 44 and 78980?
44
What is the greatest common factor of 2436 and 8288?
28
What is the highest common factor of 2890869 and 1558?
779
Calculate the highest common divisor of 14736 and 24.
24
What is the greatest common factor of 840624 and 192?
48
What is the highest common factor of 60 and 669?
3
What is the greatest common factor of 60 and 1946920?
20
What is the highest common divisor of 23185 and 10?
5
What is the greatest common factor of 249173 and 670?
67
Calculate the greatest common divisor of 2915 and 532862.
583
What is the greatest common divisor of 264 and 443784?
264
What is the greatest common factor of 26751 and 102666?
723
What is the highest common divisor of 8558061 and 1041?
1041
What is the highest common factor of 107610 and 34?
34
What is the highest common factor of 31937 and 7?
1
Calculate the highest common factor of 25513 and 3317.
31
What is the greatest common factor of 595 and 704225?
85
What is the highest common divisor of 143704 and 368?
184
What is the greatest common factor of 10 and 927810?
10
What is the highest common factor of 435 and 2400?
15
Calculate the greatest common divisor of 13320 and 3559104.
2664
Calculate the greatest common divisor of 12319 and 63147.
97
Calculate the greatest common factor of 22743 and 1281.
21
Calculate the highest common divisor of 2644 and 236.
4
Calculate the highest common factor o